{"id":7,"date":"2015-04-15T23:01:46","date_gmt":"2015-04-15T23:01:46","guid":{"rendered":"http:\/\/managementbycommunication.se\/mbcdir\/?page_id=7"},"modified":"2015-04-15T23:01:46","modified_gmt":"2015-04-15T23:01:46","slug":"management-by-communication","status":"publish","type":"page","link":"http:\/\/managementbycommunication.se\/","title":{"rendered":"Management by Communication"},"content":{"rendered":"<p>Management by Communication bygger p\u00e5 id\u00e9n att ledarskap och kommunikation h\u00e4nger ihop.<\/p>\n<p>Kommunikation \u00e4r en f\u00f6ruts\u00e4ttning f\u00f6r bra ledarskap. <\/p>\n<p>Management by Communication \u00e4r ledarskap genom kommunikation.<\/p>\n","protected":false},"excerpt":{"rendered":"<p>Management by Communication bygger p\u00e5 id\u00e9n att ledarskap och kommunikation h\u00e4nger ihop. Kommunikation \u00e4r en f\u00f6ruts\u00e4ttning f\u00f6r bra ledarskap. Management by Communication \u00e4r ledarskap genom kommunikation.<\/p>\n","protected":false},"author":1,"featured_media":0,"parent":0,"menu_order":0,"comment_status":"open","ping_status":"open","template":"","meta":{"_genesis_hide_title":false,"_genesis_hide_breadcrumbs":false,"_genesis_hide_singular_image":false,"_genesis_hide_footer_widgets":false,"_genesis_custom_body_class":"","_genesis_custom_post_class":"","_genesis_layout":"","footnotes":""},"class_list":{"0":"post-7","1":"page","2":"type-page","3":"status-publish","5":"entry"},"_links":{"self":[{"href":"http:\/\/managementbycommunication.se\/index.php?rest_route=\/wp\/v2\/pages\/7"}],"collection":[{"href":"http:\/\/managementbycommunication.se\/index.php?rest_route=\/wp\/v2\/pages"}],"about":[{"href":"http:\/\/managementbycommunication.se\/index.php?rest_route=\/wp\/v2\/types\/page"}],"author":[{"embeddable":true,"href":"http:\/\/managementbycommunication.se\/index.php?rest_route=\/wp\/v2\/users\/1"}],"replies":[{"embeddable":true,"href":"http:\/\/managementbycommunication.se\/index.php?rest_route=%2Fwp%2Fv2%2Fcomments&post=7"}],"version-history":[{"count":1,"href":"http:\/\/managementbycommunication.se\/index.php?rest_route=\/wp\/v2\/pages\/7\/revisions"}],"predecessor-version":[{"id":8,"href":"http:\/\/managementbycommunication.se\/index.php?rest_route=\/wp\/v2\/pages\/7\/revisions\/8"}],"wp:attachment":[{"href":"http:\/\/managementbycommunication.se\/index.php?rest_route=%2Fwp%2Fv2%2Fmedia&parent=7"}],"curies":[{"name":"wp","href":"https:\/\/api.w.org\/{rel}","templated":true}]}}